2?
108
What is the remainder when 77307 is divided by 15025?
2182
What is the remainder when 37765 is divided by 4184?
109
Calculate the remainder when 15178 is divided by 9083.
6095
What is the remainder when 1306833 is divided by 426?
291
Calculate the remainder when 1311674 is divided by 50397.
1352
Calculate the remainder when 417622 is divided by 1916.
1850
What is the remainder when 227377 is divided by 62?
23
What is the remainder when 1316579 is divided by 303?
44
Calculate the remainder when 355987 is divided by 9316.
1979
Calculate the remainder when 4481947 is divided by 2240883.
181
What is the remainder when 19370255 is divided by 289108?
19
Calculate the remainder when 229567 is divided by 158.
151
Calculate the remainder when 91305820 is divided by 32355.
10
Calculate the remainder when 94519499 is divided by 1220.
1219
Calculate the remainder when 418791 is divided by 322.
191
Calculate the remainder when 42624858 is divided by 7259.
10
Calculate the remainder when 45534341 is divided by 1450.
1441
Calculate the remainder when 31271 is divided by 414.
221
Calculate the remainder when 38221 is divided by 4665.
901
Calculate the remainder when 51043 is divided by 741.
655
Calculate the remainder when 37454727 is divided by 1440566.
11
Calculate the remainder when 1779267 is divided by 4707.
21
Calculate the remainder when 13227044 is divided by 39.
38
What is the remainder when 95990 is divided by 1564?
586
Calculate the remainder when 5940229 is divided by 318.
307
Calculate the remainder when 581996 is divided by 145368.
524
What is the remainder when 78750 is divided by 78458?
292
What is the remainder when 3687453 is divided by 19?
9
What is the remainder when 11440663 is divided by 317795?
43
What is the remainder when 1742810 is divided by 82?
64
What is the remainder when 207316096 is divided by 3303?
3301
What is the remainder when 835435 is divided by 5565?
685
Calculate the remainder when 2871139 is divided by 956940.
319
Calculate the remainder when 15992226 is divided by 358.
8
What is the remainder when 1823 is divided by 65?
3
What is the remainder when 34639413 is divided by 938?
11
What is the remainder when 1429492 is divided by 6084?
5836
What is the remainder when 9146956 is divided by 46?
40
Calculate the remainder when 8531 is divided by 395.
236
What is the remainder when 666251 is divided by 666244?
7
Calculate the remainder when 54951 is divided by 54474.
477
Calculate the remainder when 1968505 is divided by 1968436.
69
Calculate the remainder when 23560 is divided by 20616.
2944
Calculate the remainder when 1280734 is divided by 64036.
14
What is the remainder when 538463 is divided by 205?
133
What is the remainder when 4375623 is divided by 462?
21
Calculate the remainder when 122968 is divided by 9430.
378
What is the remainder when 367881 is divided by 71?
30
Calculate the remainder when 1292510 is divided by 163.
83
What is the remainder when 8087760 is divided by 23?
17
Calculate the remainder when 2239574 is divided by 1459.
9
What is the remainder when 32531882 is divided by 1337?
1335
Calculate the remainder when 332278287 is divided by 133.
131
What is the remainder when 18648263 is divided by 849?
827
Calculate the remainder when 897989 is divided by 1283.
1172
What is the remainder when 207762 is divided by 165?
27
What is the remainder when 11080547 is divided by 5540151?
245
What is the remainder when 6363403 is divided by 270?
43
What is the remainder when 123688066 is divided by 10?
6
What is the remainder when 3306643 is divided by 892?
891
What is the remainder when 4611430 is divided by 27126?
10
What is the remainder when 7786162 is divided by 1071?
1063
What is the remainder when 30366584 is divided by 14871?
2
Calculate the remainder when 99392151 is divided by 19.
16
Calculate the remainder when 162042680 is divided by 26.
20
Calculate the remainder when 136369 is divided by 32968.
4497
Calculate the remainder when 111300 is divided by 2650.
0
Calculate the remainder when 184889 is divided by 218.
25
Calculate the remainder when 1149145 is divided by 1141.
158
What is the remainder when 126278232 is divided by 29?
23
What is the remainder when 886556 is divided by 886347?
209
What is the remainder when 2158699 is divided by 282?
271
Calculate the remainder when 14159 is divided by 68.
15
What is the remainder when 22831333 is divided by 25?
8
What is the remainder when 63735203 is divided by 2325?
2303
Calculate the remainder when 1859971 is divided by 638.
201
Calculate the remainder when 831595 is divided by 13.
11
Calculate the remainder when 2177284 is divided by 4032.
4
What is the remainder when 95531 is divided by 4176?
3659
What is the remainder when 605436 is divided by 2366?
2106
What is the remainder when 10095103 is divided by 136420?
23
What is the remainder when 13977750 is divided by 168?
150
Calculate the remainder when 48099656 is divided by 28.
24
What is the remainder when 72336567 is divided by 44?
39
What is the remainder when 8755089 is divided by 11?
2
Calculate the remainder when 717765 is divided by 23149.
146
What is the remainder when 140088 is divided by 7336?
704
What is the remainder when 4646953 is divided by 774491?
7
Calculate the remainder when 107601 is divided by 5734.
4389
What is the remainder when 47775653 is divided by 9555114?
83
What is the remainder when 65236 is divided by 1228?
152
What is the remainder when 101508060 is divided by 16?
12
What is the remainder when 588518 is divided by 6?
2
What is the remainder when 208701 is divided by 36?
9
Calculate the remainder when 28690 is divided by 33.
13
Calculate the remainder when 18166774 is divided by 2270846.
6
What is the remainder when 14533864 is divided by 73033?
297
What is the remainder when 374552 is divided by 187274?
4
Calculate the remainder when 3656940 is divided by 6861.
27
What is the remainder when 177114493 is divided by 139?
137
What is the remainder when 2321195 is divided by 257910?
5
Calculate the remainder when 356327 is divided by 89.
60
Calculate the remainder when 41570 is divided by 994.
816
What is the remainder when 677310 is divided by 13?
10
What is the remainder when 5062298 is divided by 1622?
36
Calculate the remainder when 1786152 is divided by 595298.
258
What is the remainder when 2789378 is divided by 431?
377
Calculate the remainder when 38238080 is divided by 27.
5
What is the remainder when 10946 is divided by 3644?
14
What is the remainder when 1686284 is divided by 19835?
309
Calculate the remainder when 239920 is divided by 271.
85
Calculate the remainder when 11429227 is divided by 93.
85
Calculate the remainder when 557403 is divided by 347.
121
What is the remainder when 127584125 is divided by 2944?
2941
What is the remainder when 109084 is divided by 54505?
74
What is the remainder when 12629121 is divided by 962?
947
What is the remainder when 2046079 is divided by 156?
139
Calculate the remainder when 16913878 is divided by 270.
268
Calculate the remainder when 31709993 is divided by 663.
29
Calculate the remainder when 9268 is divided by 357.
343
What is the remainder when 253858330 is divided by 6?
4
Calculate the remainder when 1819120 is divided by 259841.
233
Calculate the remainder when 78352300 is divided by 2796.
2788
What is the remainder when 1637958 is divided by 148904?
14
What is the remainder when 69549379 is divided by 219?
16
Calculate the remainder when 185755 is divided by 485.
0
What is the remainder when 690829 is divided by 345379?
71
What is the remainder when 559341 is divided by 89?
65
What is the remainder when 38422472 is divided by 2902?
2894
Calculate the remainder when 316259 is divided by 9882.
35
What is the remainder when 1143546 is divided by 27227?
12
Calculate the remainder when 89229114 is divided by 480.
474
Calculate the remainder when 7557694 is divided by 72.
70
Calculate the remainder when 644341 is divided by 16097.
461
Calculate the remainder when 559968 is divided by 431.
99
What is the remainder when 278523 is divided by 55515?
948
What is the remainder when 193555 is divided by 91?
89
What is the remainder when 32522510 is divided by 16261255?
0
Calculate the remainder when 22335953 is divi